 what is -10 - -26?
16
In base 5, what is 1011 - -10?
1021
In base 9, what is -7 - 1162?
-1170
In base 12, what is -a + -1305?
-1313
In base 13, what is 1c - -2?
21
In base 4, what is -11 - 101?
-112
In base 10, what is -1 + 331?
330
In base 15, what is -142 - 2?
-144
In base 8, what is 0 - 127?
-127
In base 11, what is -138 - 10?
-148
In base 9, what is -65 - 8?
-74
In base 4, what is -2002 - 2?
-2010
In base 10, what is -2 + 81?
79
In base 16, what is -12 + f?
-3
In base 15, what is bb - d?
ad
In base 4, what is -3 - -1223?
1220
In base 5, what is 0 + -40?
-40
In base 8, what is 2164 + -1?
2163
In base 7, what is 2 - -163?
165
In base 10, what is -13 - -7?
-6
In base 16, what is -5 + -1d?
-22
In base 15, what is -343 - -3?
-340
In base 8, what is 252 - 21?
231
In base 2, what is 10 + -111011?
-111001
In base 4, what is 1210 - -1?
1211
In base 5, what is -2 - 310?
-312
In base 9, what is 72 + -3?
68
In base 2, what is -1 - 1001000011110?
-1001000011111
In base 8, what is 3 + -1145?
-1142
In base 8, what is 1 - 11?
-10
In base 8, what is -4047 + 2?
-4045
In base 5, what is -4 + 243?
234
In base 7, what is 53352 - -3?
53355
In base 12, what is -5 + 31?
28
In base 10, what is -43 - 7?
-50
In base 10, what is 925 - 18?
907
In base 4, what is -123 - 10303?
-11032
In base 11, what is -16 - 147?
-162
In base 5, what is -3 - -210300?
210242
In base 2, what is -1110 + 1?
-1101
In base 3, what is -2201 + -22?
-10000
In base 6, what is 5 + -210?
-201
In base 10, what is -110 - -5?
-105
In base 13, what is 1 - -67?
68
In base 16, what is 26 - -90?
b6
In base 15, what is 39b - 0?
39b
In base 5, what is -3 + -1421?
-1424
In base 14, what is 5 - 93?
-8c
In base 11, what is 0 + 21?
21
In base 13, what is 3 + b25?
b28
In base 11, what is 0 - 69?
-69
In base 16, what is 14 + 3a7?
3bb
In base 10, what is 857 - 1?
856
In base 9, what is -1175 - -7?
-1167
In base 5, what is 134 - 10?
124
In base 13, what is 86 - -1b?
a4
In base 6, what is 5 + 5014?
5023
In base 7, what is -10 - 116?
-126
In base 13, what is 2 - 5c?
-5a
In base 6, what is 404 - -3?
411
In base 11, what is -43 + 0?
-43
In base 9, what is 5 - 1231?
-1225
In base 5, what is 3 + 1002?
1010
In base 8, what is -2706 + -5?
-2713
In base 15, what is 58a - -3?
58d
In base 7, what is 2 + 161?
163
In base 4, what is -30 - 123?
-213
In base 8, what is -17720 - -5?
-17713
In base 10, what is -265 - 5?
-270
In base 13, what is 41 + -7?
37
In base 2, what is -100 - -11100010011?
11100001111
In base 3, what is 2 - -11100?
11102
In base 3, what is -1 - -1122?
1121
In base 4, what is 1120 - 0?
1120
In base 8, what is -45425 - -2?
-45423
In base 7, what is 223 - 3?
220
In base 2, what is -1000001010 + -10000?
-1000011010
In base 4, what is 302 - 102?
200
In base 10, what is -6 + 2562?
2556
In base 16, what is -2 + 25?
23
In base 15, what is -4 - -187?
183
In base 7, what is 3 - -141?
144
In base 11, what is 11 + -362?
-351
In base 12, what is 1 - a?
-9
In base 10, what is 34 + 210?
244
In base 2, what is -1 + -111011110?
-111011111
In base 10, what is -104 - -3?
-101
In base 3, what is 2 - -1?
10
In base 10, what is -2 + 46?
44
In base 8, what is -2 - -111?
107
In base 12, what is 10a - -1?
10b
In base 6, what is 100 + 124?
224
In base 13, what is -3 + -688?
-68b
In base 7, what is -1 + 3053?
3052
In base 6, what is -112 - -3?
-105
In base 12, what is -a4 + 79?
-27
In base 6, what is -5 - 3314?
-3323
In base 7, what is 36033 + -4?
36026
In base 10, what is 2 - -242?
244
In base 2, what is -100001111 - -1010?
-100000101
In base 8, what is -16 + -12?
-30
In base 5, what is -21131 - 4?
-21140
In base 15, what is 2 - 160?
-15d
In base 16, what is c6a - -1?
c6b
In base 11, what is -169 + 2?
-167
In base 4, what is 2032 - 11?
2021
In base 14, what is 7c5 - -5?
7ca
In base 13, what is 4b4 - 4?
4b0
In base 13, what is 5 + 12?
17
In base 16, what is -1a4 - 5?
-1a9
In base 4, what is 2 - -120?
122
In base 7, what is 5 - -1251?
1256
In base 2, what is -101 + 1111100010?
1111011101
In base 12, what is 0 - -2?
2
In base 14, what is -1dc3 + 1?
-1dc2
In base 5, what is 1001122 - 10?
1001112
In base 9, what is 4 + -375?
-371
In base 3, what is -2222 + -10110?
-20102
In base 12, what is 33a0 - 2?
339a
In base 15, what is -283 + 5?
-27d
In base 9, what is 5 - -430?
435
In base 3, what is 1011111 - -10?
1011121
In base 5, what is 21023 - -3?
21031
In base 14, what is -86 + 23?
-63
In base 16, what is -10 + -238?
-248
In base 8, what is -1 - -732?
731
In base 4, what is -12 + -13021?
-13033
In base 2, what is -110010101 + 100?
-110010001
In base 10, what is 39 - 124?
-85
In base 2, what is 1000000011 - -1110?
1000010001
In base 12, what is -60 + 9?
-53
In base 13, what is 221 + 5?
226
In base 14, what is -36 - 2?
-38
In base 10, what is -12 - 61?
-73
In base 7, what is -223 - -5?
-215
In base 10, what is 2 + -6?
-4
In base 15, what is 6 + 30?
36
In base 4, what is 100 + -3?
31
In base 7, what is -50 - 23?
-103
In base 9, what is 11 + 315?
326
In base 16, what is 6 - 0?
6
In base 10, what is 3982 + 5?
3987
In base 8, what is -252 + 15?
-235
In base 15, what is 68b - -4?
690
In base 2, what is -11000 - 10010101011?
-10011000011
In base 6, what is -142 - -203?
21
In base 10, what is 1282 - 2?
1280
In base 10, what is 58 + -3?
55
In base 6, what is 51 + -1?
50
In base 7, what is -521 + 60?
-431
In base 8, what is -17 - 6?
-25
In base 4, what is 11 + -110313?
-110302
In base 9, what is 881 + -4?
876
In base 2, what is -110 + -101?
-1011
In base 15, what is 5 + 1?
6
In base 2, what is 101 - -101101?
110010
In base 8, what is 152 + -5?
145
In base 3, what is -110 + 122?
12
In base 5, what is 422 - -1?
423
In base 8, what is -5 - -226?
221
In base 9, what is 8 + 502?
511
In base 9, what is -521 + -11?
-532
In base 11, what is -71 - -1?
-70
In base 16, what is -6 + -217?
-21d
In base 14, what is 2 + -134?
-132
In base 16, what is 3 + 73?
76
In base 9, what is 22 + 0?
22
In base 9, what is -810 - 8?
-818
In base 6, what is -1 - 20301?
-20302
In base 4, what is 1133112 - 3?
1133103
In base 8, what is 5372 + 0?
5372
In base 16, what is 1 + 9d?
9e
In base 12, what is -279b + -3?
-27a2
In base 7, what is -23 + 54?
31
In base 12, what is 1b + 14?
33
In base 14, what is -13dbc + 1?
-13dbb
In base 13, what is 2 + 42?
44
In base 16, what is -4 - 54?
-58
In base 16, what is 7 - -3?
a
In base 2, what is 10011010100 - -11?
10011010111
In base 11, what is 51 - 3?
49
In base 10, what is -176 - -3?
-173
In base 8, what is 11517 - 6?
11511
In base 4, what is 2203 + 2230?
11033
In base 11, what is 2481 - -8?
2489
In base 10, what is -6 - 19?
-25
In base 2, what is 111100011 + -10?
111100001
In base 5, what is 0 - 4244?
-4244
In base 12, what is -5 + -2115?
-211a
In base 9, what is -5 - 18?
-24
In base 6, what is 21243 - -2?
21245
In base 11, what is 265 - 0?
265
In base 10, what is -142 - 1?
-143
In base 2, what is 11 + 101100111?
101101010
In base 15, what is -1 - -82?
81
In base 2, what is 0 + 111011100?
111011100
In base 10, what is -1 - 408?
-409
In base 15, what is -4b - -ee?
a3
In base 11, what is 1712 - -6?
1718
In base 9, what is -24 + -78?
-113
In base 8, what is 7 - 3?
4
In base 8, what is -45 + 177?
132
In base 5, what is 2141 - -4?
2200
In base 2, what is 1000 + 10010101?
10011101
In base 15, what is -5 - -6?
1
In base 11, what is -1 - -36a9?
36a8
In base 15, what is -11 + 10?
-1
In base 13, what is -292b + -4?
-2932
In base 6, what is -215 - -10?
-205
In base 8, what is -53 + 311?
236
In base 2, what is -1011 - 1100110?
-1110001
In base 10, what is 10 - -4?
14
In base 15, what is e4 - 72?
72
In base 11, what is -5 - -53?
49
In base 4, what is -3133222 + -1?
-3133223
In base 16, what is -d5 - -2?
-d3
In base 8, what is 2 + -746?
-744
In base 11, what is -3 + 2?
-1
In base 7, what is 164 + -6?
155
In base 9, what is -24 - 0?
-24
In base 11, what is -121 + 1?
-120
In base 7, what is 210 + 2?
212
In base 8, what is 1 - -55?
56
In base 9, what is -2 + -104?
-106
In base 9, what is -474 - -1?
-473
In base 2, what is -101000100 + 1001?
-100111011
In base 8, what is -5 + -5522?
-5527
In base 11, what is -13a8 + -3?
-1400
In base 11, what is 163 - 5?
159
In base 2, what is 1111 - -1011?
11010
In base 2, what is 11101 + -100?
11001
In base 9, what is -1